{"id":533,"date":"2023-10-31T17:25:49","date_gmt":"2023-10-31T16:25:49","guid":{"rendered":"http:\/\/master-brain.com\/?post_type=product&#038;p=533"},"modified":"2025-06-08T22:31:18","modified_gmt":"2025-06-08T20:31:18","slug":"mejorando-el-servicio-al-cliente","status":"publish","type":"product","link":"https:\/\/master-brain.com\/?product=mejorando-el-servicio-al-cliente","title":{"rendered":"MEJORANDO EL SERVICIO AL CLIENTE"},"content":{"rendered":"\n<p>Este taller&nbsp; ense\u00f1a herramientas de actitud a grupos de personas independientes o de empresas que permiten relacionarse de una manera eficaz con sus clientes, ya sea en el punto de atenci\u00f3n o a trav\u00e9s de los diferentes medios de comunicaci\u00f3n (tele-mercadeo , Internet, redes sociales o personalizado).<\/p>\n\n\n\n<p>En este taller de 90 minutos se logra&nbsp;<strong>entrenar&nbsp;<\/strong>y aportar los conocimientos necesarios para generar el mejor ambiente con los clientes y los servicios que la compa\u00f1\u00eda presta.<\/p>\n","protected":false},"excerpt":{"rendered":"<p><span style=\"font-family: helvetica, arial, sans-serif;font-size: 20px;letter-spacing: -1px;text-align: justify\">Relacionate de\u00a0 manera eficaz con tus clientes<\/span>.<\/p>\n","protected":false},"featured_media":526,"comment_status":"open","ping_status":"closed","template":"","meta":{"site-sidebar-layout":"default","site-content-layout":"","ast-site-content-layout":"","site-content-style":"default","site-sidebar-style":"default","ast-global-header-display":"","ast-banner-title-visibility":"","ast-main-header-display":"","ast-hfb-above-header-display":"","ast-hfb-below-header-display":"","ast-hfb-mobile-header-display":"","site-post-title":"","ast-breadcrumbs-content":"","ast-featured-img":"","footer-sml-layout":"","theme-transparent-header-meta":"","adv-header-id-meta":"","stick-header-meta":"","header-above-stick-meta":"","header-main-stick-meta":"","header-below-stick-meta":"","astra-migrate-meta-layouts":"","ast-page-background-enabled":"default","ast-page-background-meta":{"desktop":{"background-color":"var(--ast-global-color-4)","background-image":"","background-repeat":"repeat","background-position":"center center","background-size":"auto","background-attachment":"scroll","background-type":"","background-media":"","overlay-type":"","overlay-color":"","overlay-gradient":""},"tablet":{"background-color":"","background-image":"","background-repeat":"repeat","background-position":"center center","background-size":"auto","background-attachment":"scroll","background-type":"","background-media":"","overlay-type":"","overlay-color":"","overlay-gradient":""},"mobile":{"background-color":"","background-image":"","background-repeat":"repeat","background-position":"center center","background-size":"auto","background-attachment":"scroll","background-type":"","background-media":"","overlay-type":"","overlay-color":"","overlay-gradient":""}},"ast-content-background-meta":{"desktop":{"background-color":"var(--ast-global-color-5)","background-image":"","background-repeat":"repeat","background-position":"center center","background-size":"auto","background-attachment":"scroll","background-type":"","background-media":"","overlay-type":"","overlay-color":"","overlay-gradient":""},"tablet":{"background-color":"var(--ast-global-color-5)","background-image":"","background-repeat":"repeat","background-position":"center center","background-size":"auto","background-attachment":"scroll","background-type":"","background-media":"","overlay-type":"","overlay-color":"","overlay-gradient":""},"mobile":{"background-color":"var(--ast-global-color-5)","background-image":"","background-repeat":"repeat","background-position":"center center","background-size":"auto","background-attachment":"scroll","background-type":"","background-media":"","overlay-type":"","overlay-color":"","overlay-gradient":""}}},"product_cat":[18],"product_tag":[],"class_list":{"0":"post-533","1":"product","2":"type-product","3":"status-publish","4":"has-post-thumbnail","6":"product_cat-sin-categorizar","7":"desktop-align-left","8":"tablet-align-left","9":"mobile-align-left","11":"first","12":"instock","13":"shipping-taxable","14":"product-type-simple"},"yoast_head":"<!-- This site is optimized with the Yoast SEO Premium plugin v20.6 (Yoast SEO v21.9.1) - https:\/\/yoast.com\/wordpress\/plugins\/seo\/ -->\n<title>MEJORANDO EL SERVICIO AL CLIENTE - MASTER - BRAIN<\/title>\n<meta name=\"robots\" content=\"index, follow, max-snippet:-1, max-image-preview:large, max-video-preview:-1\" \/>\n<link rel=\"canonical\" href=\"https:\/\/master-brain.com\/?product=mejorando-el-servicio-al-cliente\" \/>\n<meta property=\"og:locale\" content=\"es_ES\" \/>\n<meta property=\"og:type\" content=\"article\" \/>\n<meta property=\"og:title\" content=\"MEJORANDO EL SERVICIO AL CLIENTE\" \/>\n<meta property=\"og:description\" content=\"Relacionate de\u00a0 manera eficaz con tus clientes.\" \/>\n<meta property=\"og:url\" content=\"https:\/\/master-brain.com\/?product=mejorando-el-servicio-al-cliente\" \/>\n<meta property=\"og:site_name\" content=\"MASTER - BRAIN\" \/>\n<meta property=\"article:modified_time\" content=\"2025-06-08T20:31:18+00:00\" \/>\n<meta property=\"og:image\" content=\"https:\/\/master-brain.com\/wp-content\/uploads\/2023\/10\/atencion-al-cliente.jpg\" \/>\n\t<meta property=\"og:image:width\" content=\"400\" \/>\n\t<meta property=\"og:image:height\" content=\"300\" \/>\n\t<meta property=\"og:image:type\" content=\"image\/jpeg\" \/>\n<meta name=\"twitter:card\" content=\"summary_large_image\" \/>\n<script type=\"application\/ld+json\" class=\"yoast-schema-graph\">{\"@context\":\"https:\/\/schema.org\",\"@graph\":[{\"@type\":\"WebPage\",\"@id\":\"https:\/\/master-brain.com\/?product=mejorando-el-servicio-al-cliente\",\"url\":\"https:\/\/master-brain.com\/?product=mejorando-el-servicio-al-cliente\",\"name\":\"MEJORANDO EL SERVICIO AL CLIENTE - MASTER - BRAIN\",\"isPartOf\":{\"@id\":\"https:\/\/master-brain.com\/#website\"},\"datePublished\":\"2023-10-31T16:25:49+00:00\",\"dateModified\":\"2025-06-08T20:31:18+00:00\",\"breadcrumb\":{\"@id\":\"https:\/\/master-brain.com\/?product=mejorando-el-servicio-al-cliente#breadcrumb\"},\"inLanguage\":\"es\",\"potentialAction\":[{\"@type\":\"ReadAction\",\"target\":[\"https:\/\/master-brain.com\/?product=mejorando-el-servicio-al-cliente\"]}]},{\"@type\":\"BreadcrumbList\",\"@id\":\"https:\/\/master-brain.com\/?product=mejorando-el-servicio-al-cliente#breadcrumb\",\"itemListElement\":[{\"@type\":\"ListItem\",\"position\":1,\"name\":\"Portada\",\"item\":\"https:\/\/master-brain.com\/\"},{\"@type\":\"ListItem\",\"position\":2,\"name\":\"Tienda\",\"item\":\"https:\/\/master-brain.com\/?page_id=514\"},{\"@type\":\"ListItem\",\"position\":3,\"name\":\"MEJORANDO EL SERVICIO AL CLIENTE\"}]},{\"@type\":\"WebSite\",\"@id\":\"https:\/\/master-brain.com\/#website\",\"url\":\"https:\/\/master-brain.com\/\",\"name\":\"MASTER - BRAIN\",\"description\":\"\",\"publisher\":{\"@id\":\"https:\/\/master-brain.com\/#organization\"},\"potentialAction\":[{\"@type\":\"SearchAction\",\"target\":{\"@type\":\"EntryPoint\",\"urlTemplate\":\"https:\/\/master-brain.com\/?s={search_term_string}\"},\"query-input\":\"required name=search_term_string\"}],\"inLanguage\":\"es\"},{\"@type\":\"Organization\",\"@id\":\"https:\/\/master-brain.com\/#organization\",\"name\":\"MASTER - BRAIN\",\"url\":\"https:\/\/master-brain.com\/\",\"logo\":{\"@type\":\"ImageObject\",\"inLanguage\":\"es\",\"@id\":\"https:\/\/master-brain.com\/#\/schema\/logo\/image\/\",\"url\":\"https:\/\/master-brain.com\/wp-content\/uploads\/2023\/10\/logo-1.png\",\"contentUrl\":\"https:\/\/master-brain.com\/wp-content\/uploads\/2023\/10\/logo-1.png\",\"width\":1587,\"height\":344,\"caption\":\"MASTER - BRAIN\"},\"image\":{\"@id\":\"https:\/\/master-brain.com\/#\/schema\/logo\/image\/\"}}]}<\/script>\n<!-- \/ Yoast SEO Premium plugin. -->","yoast_head_json":{"title":"MEJORANDO EL SERVICIO AL CLIENTE - MASTER - BRAIN","robots":{"index":"index","follow":"follow","max-snippet":"max-snippet:-1","max-image-preview":"max-image-preview:large","max-video-preview":"max-video-preview:-1"},"canonical":"https:\/\/master-brain.com\/?product=mejorando-el-servicio-al-cliente","og_locale":"es_ES","og_type":"article","og_title":"MEJORANDO EL SERVICIO AL CLIENTE","og_description":"Relacionate de\u00a0 manera eficaz con tus clientes.","og_url":"https:\/\/master-brain.com\/?product=mejorando-el-servicio-al-cliente","og_site_name":"MASTER - BRAIN","article_modified_time":"2025-06-08T20:31:18+00:00","og_image":[{"width":400,"height":300,"url":"https:\/\/master-brain.com\/wp-content\/uploads\/2023\/10\/atencion-al-cliente.jpg","type":"image\/jpeg"}],"twitter_card":"summary_large_image","schema":{"@context":"https:\/\/schema.org","@graph":[{"@type":"WebPage","@id":"https:\/\/master-brain.com\/?product=mejorando-el-servicio-al-cliente","url":"https:\/\/master-brain.com\/?product=mejorando-el-servicio-al-cliente","name":"MEJORANDO EL SERVICIO AL CLIENTE - MASTER - BRAIN","isPartOf":{"@id":"https:\/\/master-brain.com\/#website"},"datePublished":"2023-10-31T16:25:49+00:00","dateModified":"2025-06-08T20:31:18+00:00","breadcrumb":{"@id":"https:\/\/master-brain.com\/?product=mejorando-el-servicio-al-cliente#breadcrumb"},"inLanguage":"es","potentialAction":[{"@type":"ReadAction","target":["https:\/\/master-brain.com\/?product=mejorando-el-servicio-al-cliente"]}]},{"@type":"BreadcrumbList","@id":"https:\/\/master-brain.com\/?product=mejorando-el-servicio-al-cliente#breadcrumb","itemListElement":[{"@type":"ListItem","position":1,"name":"Portada","item":"https:\/\/master-brain.com\/"},{"@type":"ListItem","position":2,"name":"Tienda","item":"https:\/\/master-brain.com\/?page_id=514"},{"@type":"ListItem","position":3,"name":"MEJORANDO EL SERVICIO AL CLIENTE"}]},{"@type":"WebSite","@id":"https:\/\/master-brain.com\/#website","url":"https:\/\/master-brain.com\/","name":"MASTER - BRAIN","description":"","publisher":{"@id":"https:\/\/master-brain.com\/#organization"},"potentialAction":[{"@type":"SearchAction","target":{"@type":"EntryPoint","urlTemplate":"https:\/\/master-brain.com\/?s={search_term_string}"},"query-input":"required name=search_term_string"}],"inLanguage":"es"},{"@type":"Organization","@id":"https:\/\/master-brain.com\/#organization","name":"MASTER - BRAIN","url":"https:\/\/master-brain.com\/","logo":{"@type":"ImageObject","inLanguage":"es","@id":"https:\/\/master-brain.com\/#\/schema\/logo\/image\/","url":"https:\/\/master-brain.com\/wp-content\/uploads\/2023\/10\/logo-1.png","contentUrl":"https:\/\/master-brain.com\/wp-content\/uploads\/2023\/10\/logo-1.png","width":1587,"height":344,"caption":"MASTER - BRAIN"},"image":{"@id":"https:\/\/master-brain.com\/#\/schema\/logo\/image\/"}}]}},"jetpack_publicize_connections":[],"_links":{"self":[{"href":"https:\/\/master-brain.com\/index.php?rest_route=\/wp\/v2\/product\/533","targetHints":{"allow":["GET"]}}],"collection":[{"href":"https:\/\/master-brain.com\/index.php?rest_route=\/wp\/v2\/product"}],"about":[{"href":"https:\/\/master-brain.com\/index.php?rest_route=\/wp\/v2\/types\/product"}],"replies":[{"embeddable":true,"href":"https:\/\/master-brain.com\/index.php?rest_route=%2Fwp%2Fv2%2Fcomments&post=533"}],"wp:featuredmedia":[{"embeddable":true,"href":"https:\/\/master-brain.com\/index.php?rest_route=\/wp\/v2\/media\/526"}],"wp:attachment":[{"href":"https:\/\/master-brain.com\/index.php?rest_route=%2Fwp%2Fv2%2Fmedia&parent=533"}],"wp:term":[{"taxonomy":"product_cat","embeddable":true,"href":"https:\/\/master-brain.com\/index.php?rest_route=%2Fwp%2Fv2%2Fproduct_cat&post=533"},{"taxonomy":"product_tag","embeddable":true,"href":"https:\/\/master-brain.com\/index.php?rest_route=%2Fwp%2Fv2%2Fproduct_tag&post=533"}],"curies":[{"name":"wp","href":"https:\/\/api.w.org\/{rel}","templated":true}]}}